{"id":54,"date":"2016-08-04T16:24:12","date_gmt":"2016-08-04T15:24:12","guid":{"rendered":"http:\/\/www.lesrestaurantsdesenfants.org\/?page_id=54"},"modified":"2018-05-16T14:07:01","modified_gmt":"2018-05-16T13:07:01","slug":"zero-gachis","status":"publish","type":"page","link":"http:\/\/www.lesrestaurantsdesenfants.org\/?page_id=54","title":{"rendered":"Z\u00e9ro g\u00e2chis"},"content":{"rendered":"<h3 style=\"text-align: center;\"><span style=\"color: #02b6f4;\">\u2013\u2013\u2013<\/span><\/h3>\n<h3 style=\"text-align: left;\"><span style=\"color: #02b6f4;\">Une philosophie\u00a0: z\u00e9ro g\u00e2chis, tout pour les enfants<\/span><\/h3>\n<p>Aller \u00e0 l&rsquo;essentiel pour aider et parrainer le plus grand nombre d&rsquo;enfants.<\/p>\n<p>Faire le maximum pour les enfants, avec les moyens dont on peut disposer.<br \/>\nNe rien g\u00e2cher.<br \/>\nN\u2019engagez aucune d\u00e9pense inutile.<\/p>\n<p>Cela peut sembler une \u00e9vidence mais trop souvent les ONG traditionnelles sont moins au service des enfants que de leur propre existence. Elles d\u00e9pensent toujours plus pour leur organisation interne et leur communication, au d\u00e9triment de leur pr\u00e9sence sur le terrain.<\/p>\n<p><img loading=\"lazy\" decoding=\"async\" class=\"alignnone wp-image-42\" src=\"http:\/\/lesrestaurantsdesenfants.org\/wp-content\/uploads\/2016\/07\/LRDE-repas3-300x200.jpg\" alt=\"Portion de nourriture - Les restaurants des enfants\" width=\"775\" height=\"517\" srcset=\"http:\/\/lesrestaurantsdesenfants.org\/wp-content\/uploads\/2016\/07\/LRDE-repas3-300x200.jpg 300w, http:\/\/lesrestaurantsdesenfants.org\/wp-content\/uploads\/2016\/07\/LRDE-repas3-768x512.jpg 768w, http:\/\/lesrestaurantsdesenfants.org\/wp-content\/uploads\/2016\/07\/LRDE-repas3-945x630.jpg 945w, http:\/\/lesrestaurantsdesenfants.org\/wp-content\/uploads\/2016\/07\/LRDE-repas3-600x400.jpg 600w, http:\/\/lesrestaurantsdesenfants.org\/wp-content\/uploads\/2016\/07\/LRDE-repas3.jpg 960w\" sizes=\"auto, (max-width: 775px) 100vw, 775px\" \/><\/p>\n<p><img loading=\"lazy\" decoding=\"async\" class=\"alignnone wp-image-44\" src=\"http:\/\/lesrestaurantsdesenfants.org\/wp-content\/uploads\/2016\/07\/LRDE-laver-la-vaisselle-300x200.jpg\" alt=\"Laver la vaisselle - Les restaurants des enfants\" width=\"776\" height=\"517\" srcset=\"http:\/\/lesrestaurantsdesenfants.org\/wp-content\/uploads\/2016\/07\/LRDE-laver-la-vaisselle-300x200.jpg 300w, http:\/\/lesrestaurantsdesenfants.org\/wp-content\/uploads\/2016\/07\/LRDE-laver-la-vaisselle-768x512.jpg 768w, http:\/\/lesrestaurantsdesenfants.org\/wp-content\/uploads\/2016\/07\/LRDE-laver-la-vaisselle-945x630.jpg 945w, http:\/\/lesrestaurantsdesenfants.org\/wp-content\/uploads\/2016\/07\/LRDE-laver-la-vaisselle-600x400.jpg 600w, http:\/\/lesrestaurantsdesenfants.org\/wp-content\/uploads\/2016\/07\/LRDE-laver-la-vaisselle.jpg 960w\" sizes=\"auto, (max-width: 776px) 100vw, 776px\" \/><\/p>\n<p>&nbsp;<\/p>\n<p>Aller \u00e0 l\u2019essentiel pour aider et parrainer le plus grand nombre d\u2019enfants.<\/p>\n<p>Faire le maximum pour les enfants, avec les moyens dont on peut disposer.<br \/>\nNe rien g\u00e2cher.<br \/>\nN\u2019engagez aucune d\u00e9pense inutile.<\/p>\n<p>Cela peut sembler une \u00e9vidence mais trop souvent les ONG traditionnelles sont moins au service des enfants que de leur propre existence. Elles d\u00e9pensent toujours plus pour leur organisation interne et leur communication, au d\u00e9triment de leur pr\u00e9sence sur le terrain.<\/p>\n<h3 style=\"text-align: left;\"><span style=\"color: #02b6f4;\">La meilleure communication, c\u2019est l\u2019action<\/span><\/h3>\n<p>Les Restaurants Des Enfants (LRDE) n\u2019a ni charg\u00e9 de communication, ni plaquette, ni flyer.<\/p>\n<p>Rien d\u2019autre que ce site r\u00e9alis\u00e9 exclusivement avec des comp\u00e9tences b\u00e9n\u00e9voles.<\/p>\n<p>Pourtant nous recevons de nombreux dons depuis l\u2019ouverture du premier Restaurant des Enfants \u00e0 Phnom Penh au Cambodge. Ils proviennent des visiteurs des Restaurants de Phnom Penh, qui choisissent de devenir parrains et de soutenir une action concr\u00e8te, dont ils sont les t\u00e9moins directs.<\/p>\n<p>&nbsp;<\/p>\n<p><img loading=\"lazy\" decoding=\"async\" class=\"alignnone wp-image-45\" src=\"http:\/\/lesrestaurantsdesenfants.org\/wp-content\/uploads\/2016\/07\/LRDE-peluches-300x200.jpg\" alt=\"Deux enfants et leur peluche - Les restaurants des enfants\" width=\"776\" height=\"517\" srcset=\"http:\/\/lesrestaurantsdesenfants.org\/wp-content\/uploads\/2016\/07\/LRDE-peluches-300x200.jpg 300w, http:\/\/lesrestaurantsdesenfants.org\/wp-content\/uploads\/2016\/07\/LRDE-peluches-768x512.jpg 768w, http:\/\/lesrestaurantsdesenfants.org\/wp-content\/uploads\/2016\/07\/LRDE-peluches-945x630.jpg 945w, http:\/\/lesrestaurantsdesenfants.org\/wp-content\/uploads\/2016\/07\/LRDE-peluches-600x400.jpg 600w, http:\/\/lesrestaurantsdesenfants.org\/wp-content\/uploads\/2016\/07\/LRDE-peluches.jpg 960w\" sizes=\"auto, (max-width: 776px) 100vw, 776px\" \/><\/p>\n<p><img loading=\"lazy\" decoding=\"async\" class=\"alignnone wp-image-47\" src=\"http:\/\/lesrestaurantsdesenfants.org\/wp-content\/uploads\/2016\/07\/LRDE-portraits-1-300x200.jpg\" alt=\"Regards sur photos - Les restaurants des enfants\" width=\"775\" height=\"517\" srcset=\"http:\/\/lesrestaurantsdesenfants.org\/wp-content\/uploads\/2016\/07\/LRDE-portraits-1-300x200.jpg 300w, http:\/\/lesrestaurantsdesenfants.org\/wp-content\/uploads\/2016\/07\/LRDE-portraits-1-768x512.jpg 768w, http:\/\/lesrestaurantsdesenfants.org\/wp-content\/uploads\/2016\/07\/LRDE-portraits-1-945x630.jpg 945w, http:\/\/lesrestaurantsdesenfants.org\/wp-content\/uploads\/2016\/07\/LRDE-portraits-1-600x400.jpg 600w, http:\/\/lesrestaurantsdesenfants.org\/wp-content\/uploads\/2016\/07\/LRDE-portraits-1.jpg 960w\" sizes=\"auto, (max-width: 775px) 100vw, 775px\" \/><\/p>\n<p>&nbsp;<\/p>\n<p style=\"color: #3366ff;\">\n","protected":false},"excerpt":{"rendered":"<p>\u2013\u2013\u2013 Une philosophie\u00a0: z\u00e9ro g\u00e2chis, tout pour les enfants Aller \u00e0 l&rsquo;essentiel pour aider et parrainer le plus grand nombre d&rsquo;enfants. Faire le maximum pour les enfants, avec les moyens dont on peut disposer. Ne rien g\u00e2cher. N\u2019engagez aucune d\u00e9pense inutile. Cela peut sembler une \u00e9vidence mais trop souvent les ONG traditionnelles sont moins au service des enfants que de leur propre existence. Elles d\u00e9pensent toujours plus pour leur organisation interne et leur communication, au d\u00e9triment de leur pr\u00e9sence sur le terrain. &nbsp; Aller \u00e0 l\u2019essentiel pour aider et parrainer le plus grand nombre d\u2019enfants. Faire le maximum pour les enfants, avec les moyens dont on peut disposer. Ne rien g\u00e2cher. N\u2019engagez aucune d\u00e9pense inutile. Cela peut sembler une \u00e9vidence mais trop souvent les ONG traditionnelles sont moins au service des enfants que de leur propre existence. Elles d\u00e9pensent toujours plus pour leur organisation interne et leur communication, au d\u00e9triment de leur pr\u00e9sence sur le terrain. La meilleure communication, c\u2019est l\u2019action Les Restaurants Des Enfants (LRDE) n\u2019a ni charg\u00e9 de communication, ni plaquette, ni flyer. Rien d\u2019autre que ce site r\u00e9alis\u00e9 exclusivement avec des comp\u00e9tences b\u00e9n\u00e9voles. Pourtant nous recevons de nombreux dons depuis l\u2019ouverture du premier Restaurant des Enfants \u00e0 Phnom Penh au Cambodge. Ils proviennent des visiteurs des Restaurants de Phnom Penh, qui choisissent de devenir parrains et de soutenir une action concr\u00e8te, dont ils sont les t\u00e9moins directs. &nbsp; &nbsp;<\/p>\n","protected":false},"author":1,"featured_media":0,"parent":0,"menu_order":0,"comment_status":"closed","ping_status":"closed","template":"","meta":{"footnotes":""},"class_list":["post-54","page","type-page","status-publish","hentry"],"_links":{"self":[{"href":"http:\/\/www.lesrestaurantsdesenfants.org\/index.php?rest_route=\/wp\/v2\/pages\/54","targetHints":{"allow":["GET"]}}],"collection":[{"href":"http:\/\/www.lesrestaurantsdesenfants.org\/index.php?rest_route=\/wp\/v2\/pages"}],"about":[{"href":"http:\/\/www.lesrestaurantsdesenfants.org\/index.php?rest_route=\/wp\/v2\/types\/page"}],"author":[{"embeddable":true,"href":"http:\/\/www.lesrestaurantsdesenfants.org\/index.php?rest_route=\/wp\/v2\/users\/1"}],"replies":[{"embeddable":true,"href":"http:\/\/www.lesrestaurantsdesenfants.org\/index.php?rest_route=%2Fwp%2Fv2%2Fcomments&post=54"}],"version-history":[{"count":19,"href":"http:\/\/www.lesrestaurantsdesenfants.org\/index.php?rest_route=\/wp\/v2\/pages\/54\/revisions"}],"predecessor-version":[{"id":413,"href":"http:\/\/www.lesrestaurantsdesenfants.org\/index.php?rest_route=\/wp\/v2\/pages\/54\/revisions\/413"}],"wp:attachment":[{"href":"http:\/\/www.lesrestaurantsdesenfants.org\/index.php?rest_route=%2Fwp%2Fv2%2Fmedia&parent=54"}],"curies":[{"name":"wp","href":"https:\/\/api.w.org\/{rel}","templated":true}]}}