{"id":433,"date":"2018-06-08T14:11:59","date_gmt":"2018-06-08T13:11:59","guid":{"rendered":"http:\/\/www.lesrestaurantsdesenfants.org\/?page_id=433"},"modified":"2024-10-03T14:29:05","modified_gmt":"2024-10-03T13:29:05","slug":"rapports-dactivite","status":"publish","type":"page","link":"http:\/\/www.lesrestaurantsdesenfants.org\/?page_id=433","title":{"rendered":"Rapports d&rsquo;activit\u00e9"},"content":{"rendered":"<p>&nbsp;<\/p>\n<p><a href=\"http:\/\/lesrestaurantsdesenfants.org\/wp-content\/uploads\/2024\/10\/2023-LRDE-Rapport-activite.pdf\" target=\"_blank\" rel=\"noopener noreferrer\">Les restaurants des enfants &#8211; LRDE &#8211; Rapport d&rsquo;activit\u00e9 2023<\/a><\/p>\n<p><a href=\"http:\/\/lesrestaurantsdesenfants.org\/wp-content\/uploads\/2023\/11\/LRDE_Rapport_activite_2022.pdf\" target=\"_blank\" rel=\"noopener noreferrer\">Les restaurants des enfants &#8211; LRDE &#8211; Rapport d&rsquo;activit\u00e9 2022<\/a><\/p>\n<p><a href=\"http:\/\/lesrestaurantsdesenfants.org\/wp-content\/uploads\/2022\/08\/LRDE_Rapport_activite_2021.pdf\" target=\"_blank\" rel=\"noopener noreferrer\">Les restaurants des enfants &#8211; LRDE &#8211; Rapport d&rsquo;activit\u00e9 2021<\/a><\/p>\n<p><a href=\"http:\/\/lesrestaurantsdesenfants.org\/wp-content\/uploads\/2021\/12\/LRDE_Rapport_activite_2020.pdf\" target=\"_blank\" rel=\"noopener noreferrer\">Les restaurants des enfants &#8211; LRDE &#8211; Rapport d&rsquo;activit\u00e9 2020<\/a><\/p>\n<p><a href=\"http:\/\/lesrestaurantsdesenfants.org\/wp-content\/uploads\/2020\/09\/LRDE-Rapport-dactivite-2019_rd.pdf\" target=\"_blank\" rel=\"noopener noreferrer\">Les restaurants des enfants &#8211; LRDE &#8211; Rapport d&rsquo;activit\u00e9 2019<\/a><\/p>\n<p><a href=\"http:\/\/lesrestaurantsdesenfants.org\/wp-content\/uploads\/2020\/01\/LRDE_Rapport_activite_2018_rd.pdf\" target=\"_blank\" rel=\"noopener noreferrer\">Les restaurants des enfants &#8211; LRDE &#8211; Rapport d&rsquo;activit\u00e9 2018<\/a><\/p>\n<p><a href=\"http:\/\/lesrestaurantsdesenfants.org\/wp-content\/uploads\/2020\/01\/LRDE_Rapport_activite_2017_rd.pdf\" target=\"_blank\" rel=\"noopener noreferrer\">Les restaurants des enfants &#8211; LRDE &#8211; Rapport d&rsquo;activit\u00e9 2017<\/a><\/p>\n<p><a href=\"http:\/\/lesrestaurantsdesenfants.org\/wp-content\/uploads\/2020\/01\/LRDE_Rapport_activite_2016_rd.pdf\" target=\"_blank\" rel=\"noopener noreferrer\">Les restaurants des enfants &#8211; LRDE &#8211; Rapport d&rsquo;activit\u00e9 2016<\/a><\/p>\n<p><a href=\"http:\/\/lesrestaurantsdesenfants.org\/wp-content\/uploads\/2020\/01\/LRDE_Rapport_activite_2015_rd.pdf\" target=\"_blank\" rel=\"noopener noreferrer\">Les restaurants des enfants &#8211; LRDE &#8211; Rapport d&rsquo;activit\u00e9 2015<\/a><\/p>\n<p>&nbsp;<\/p>\n<p>&nbsp;<\/p>\n","protected":false},"excerpt":{"rendered":"<p>&nbsp; Les restaurants des enfants &#8211; LRDE &#8211; Rapport d&rsquo;activit\u00e9 2023 Les restaurants des enfants &#8211; LRDE &#8211; Rapport d&rsquo;activit\u00e9 2022 Les restaurants des enfants &#8211; LRDE &#8211; Rapport d&rsquo;activit\u00e9 2021 Les restaurants des enfants &#8211; LRDE &#8211; Rapport d&rsquo;activit\u00e9 2020 Les restaurants des enfants &#8211; LRDE &#8211; Rapport d&rsquo;activit\u00e9 2019 Les restaurants des enfants &#8211; LRDE &#8211; Rapport d&rsquo;activit\u00e9 2018 Les restaurants des enfants &#8211; LRDE &#8211; Rapport d&rsquo;activit\u00e9 2017 Les restaurants des enfants &#8211; LRDE &#8211; Rapport d&rsquo;activit\u00e9 2016 Les restaurants des enfants &#8211; LRDE &#8211; Rapport d&rsquo;activit\u00e9 2015 &nbsp; &nbsp;<\/p>\n","protected":false},"author":1,"featured_media":0,"parent":0,"menu_order":0,"comment_status":"closed","ping_status":"closed","template":"","meta":{"footnotes":""},"class_list":["post-433","page","type-page","status-publish","hentry"],"_links":{"self":[{"href":"http:\/\/www.lesrestaurantsdesenfants.org\/index.php?rest_route=\/wp\/v2\/pages\/433","targetHints":{"allow":["GET"]}}],"collection":[{"href":"http:\/\/www.lesrestaurantsdesenfants.org\/index.php?rest_route=\/wp\/v2\/pages"}],"about":[{"href":"http:\/\/www.lesrestaurantsdesenfants.org\/index.php?rest_route=\/wp\/v2\/types\/page"}],"author":[{"embeddable":true,"href":"http:\/\/www.lesrestaurantsdesenfants.org\/index.php?rest_route=\/wp\/v2\/users\/1"}],"replies":[{"embeddable":true,"href":"http:\/\/www.lesrestaurantsdesenfants.org\/index.php?rest_route=%2Fwp%2Fv2%2Fcomments&post=433"}],"version-history":[{"count":22,"href":"http:\/\/www.lesrestaurantsdesenfants.org\/index.php?rest_route=\/wp\/v2\/pages\/433\/revisions"}],"predecessor-version":[{"id":515,"href":"http:\/\/www.lesrestaurantsdesenfants.org\/index.php?rest_route=\/wp\/v2\/pages\/433\/revisions\/515"}],"wp:attachment":[{"href":"http:\/\/www.lesrestaurantsdesenfants.org\/index.php?rest_route=%2Fwp%2Fv2%2Fmedia&parent=433"}],"curies":[{"name":"wp","href":"https:\/\/api.w.org\/{rel}","templated":true}]}}