{"id":177,"date":"2016-08-19T14:42:02","date_gmt":"2016-08-19T13:42:02","guid":{"rendered":"http:\/\/www.lesrestaurantsdesenfants.org\/?page_id=177"},"modified":"2018-10-31T15:41:35","modified_gmt":"2018-10-31T14:41:35","slug":"contact","status":"publish","type":"page","link":"http:\/\/www.lesrestaurantsdesenfants.org\/?page_id=177","title":{"rendered":"Contact"},"content":{"rendered":"<h3 style=\"text-align: center;\"><span style=\"color: #02b6f4;\">\u2013\u2013\u2013<\/span><\/h3>\n<p>LES RESTAURANTS DES ENFANTS<\/p>\n<p><strong>Ecole Chey Chum Neas<\/strong><br \/>\nSt 113 Sangkat Beung Keng Kang 3<br \/>\nChamcarmorn<br \/>\nPhnom Penh<\/p>\n<h3><img loading=\"lazy\" decoding=\"async\" class=\"alignnone wp-image-423 size-full\" src=\"http:\/\/lesrestaurantsdesenfants.org\/wp-content\/uploads\/2018\/05\/LRDE-plan-nouveau-resto.jpg\" alt=\"Contact et acc\u00e8s - Les Restaurants des enfants\" width=\"722\" height=\"715\" srcset=\"http:\/\/lesrestaurantsdesenfants.org\/wp-content\/uploads\/2018\/05\/LRDE-plan-nouveau-resto.jpg 722w, http:\/\/lesrestaurantsdesenfants.org\/wp-content\/uploads\/2018\/05\/LRDE-plan-nouveau-resto-150x150.jpg 150w, http:\/\/lesrestaurantsdesenfants.org\/wp-content\/uploads\/2018\/05\/LRDE-plan-nouveau-resto-300x297.jpg 300w, http:\/\/lesrestaurantsdesenfants.org\/wp-content\/uploads\/2018\/05\/LRDE-plan-nouveau-resto-75x75.jpg 75w\" sizes=\"auto, (max-width: 722px) 100vw, 722px\" \/><\/h3>\n<h3><\/h3>\n<h3><\/h3>\n<h3><span style=\"color: #02b6f4;\">Contact :<\/span><\/h3>\n<p>Suivez-nous sur Facebook\u00a0: <a href=\"https:\/\/www.facebook.com\/lesrestaurantsdesenfants\/\" target=\"_blank\" rel=\"noopener\">https:\/\/www.facebook.com\/lesrestaurantsdesenfants\/<\/a><\/p>\n<p><strong>Les Restaurant de<\/strong><strong>s Enfants (LRDE)<\/strong> &#8211; Organisation non gouvernementale (ONG)<\/p>\n<p>Consulter le site de l\u2019Association Waltzing Around Cambodia d\u00e9di\u00e9e aux LRDE :<\/p>\n<p>Fran\u00e7ais : <a href=\"http:\/\/www.wacambodia.com\/FR\/index.aspx\" target=\"_blank\" rel=\"noopener\">http:\/\/www.wacambodia.com\/FR\/index.aspx<\/a><br \/>\nAnglais : <a href=\"http:\/\/www.wacambodia.com\/EN\/index.aspx\" target=\"_blank\" rel=\"noopener\">http:\/\/www.wacambodia.com\/EN\/index.aspx<\/a><br \/>\nItalien : <a href=\"http:\/\/www.wacambodia.com\/IT\/index.aspx\" target=\"_blank\" rel=\"noopener\">http:\/\/www.wacambodia.com\/IT\/index.aspx<\/a><br \/>\nT\u00e9l. (Cambodge) : MEAK Pich Chenda 015 628 868<\/p>\n\n<div class=\"wpcf7 no-js\" id=\"wpcf7-f4-o1\" lang=\"fr-FR\" dir=\"ltr\" data-wpcf7-id=\"4\">\n<div class=\"screen-reader-response\"><p role=\"status\" aria-live=\"polite\" aria-atomic=\"true\"><\/p> <ul><\/ul><\/div>\n<form action=\"\/index.php?rest_route=%2Fwp%2Fv2%2Fpages%2F177#wpcf7-f4-o1\" method=\"post\" class=\"wpcf7-form init\" aria-label=\"Formulaire de contact\" novalidate=\"novalidate\" data-status=\"init\">\n<div style=\"display: none;\">\n<input type=\"hidden\" name=\"_wpcf7\" value=\"4\" \/>\n<input type=\"hidden\" name=\"_wpcf7_version\" value=\"6.0.4\" \/>\n<input type=\"hidden\" name=\"_wpcf7_locale\" value=\"fr_FR\" \/>\n<input type=\"hidden\" name=\"_wpcf7_unit_tag\" value=\"wpcf7-f4-o1\" \/>\n<input type=\"hidden\" name=\"_wpcf7_container_post\" value=\"0\" \/>\n<input type=\"hidden\" name=\"_wpcf7_posted_data_hash\" value=\"\" \/>\n<\/div>\n<p>Votre nom (obligatoire)\n<\/p>\n<p><span class=\"wpcf7-form-control-wrap\" data-name=\"your-name\"><input size=\"40\" maxlength=\"400\" class=\"wpcf7-form-control wpcf7-text wpcf7-validates-as-required\" aria-required=\"true\" aria-invalid=\"false\" value=\"\" type=\"text\" name=\"your-name\" \/><\/span>\n<\/p>\n<p>Votre email (obligatoire)\n<\/p>\n<p><span class=\"wpcf7-form-control-wrap\" data-name=\"your-email\"><input size=\"40\" maxlength=\"400\" class=\"wpcf7-form-control wpcf7-email wpcf7-validates-as-required wpcf7-text wpcf7-validates-as-email\" aria-required=\"true\" aria-invalid=\"false\" value=\"\" type=\"email\" name=\"your-email\" \/><\/span>\n<\/p>\n<p>Sujet\n<\/p>\n<p><span class=\"wpcf7-form-control-wrap\" data-name=\"your-subject\"><input size=\"40\" maxlength=\"400\" class=\"wpcf7-form-control wpcf7-text\" aria-invalid=\"false\" value=\"\" type=\"text\" name=\"your-subject\" \/><\/span>\n<\/p>\n<p>Votre message\n<\/p>\n<p><span class=\"wpcf7-form-control-wrap\" data-name=\"your-message\"><textarea cols=\"40\" rows=\"10\" maxlength=\"2000\" class=\"wpcf7-form-control wpcf7-textarea\" aria-invalid=\"false\" name=\"your-message\"><\/textarea><\/span>\n<\/p>\n<p><input class=\"wpcf7-form-control wpcf7-submit has-spinner\" type=\"submit\" value=\"Envoyer\" \/>\n<\/p><div class=\"wpcf7-response-output\" aria-hidden=\"true\"><\/div>\n<\/form>\n<\/div>\n\n","protected":false},"excerpt":{"rendered":"<p>\u2013\u2013\u2013 LES RESTAURANTS DES ENFANTS Ecole Chey Chum Neas St 113 Sangkat Beung Keng Kang 3 Chamcarmorn Phnom Penh Contact : Suivez-nous sur Facebook\u00a0: https:\/\/www.facebook.com\/lesrestaurantsdesenfants\/ Les Restaurant des Enfants (LRDE) &#8211; Organisation non gouvernementale (ONG) Consulter le site de l\u2019Association Waltzing Around Cambodia d\u00e9di\u00e9e aux LRDE : Fran\u00e7ais : http:\/\/www.wacambodia.com\/FR\/index.aspx Anglais : http:\/\/www.wacambodia.com\/EN\/index.aspx Italien : http:\/\/www.wacambodia.com\/IT\/index.aspx T\u00e9l. (Cambodge) : MEAK Pich Chenda 015 628 868<\/p>\n","protected":false},"author":1,"featured_media":0,"parent":0,"menu_order":0,"comment_status":"closed","ping_status":"closed","template":"","meta":{"footnotes":""},"class_list":["post-177","page","type-page","status-publish","hentry"],"_links":{"self":[{"href":"http:\/\/www.lesrestaurantsdesenfants.org\/index.php?rest_route=\/wp\/v2\/pages\/177","targetHints":{"allow":["GET"]}}],"collection":[{"href":"http:\/\/www.lesrestaurantsdesenfants.org\/index.php?rest_route=\/wp\/v2\/pages"}],"about":[{"href":"http:\/\/www.lesrestaurantsdesenfants.org\/index.php?rest_route=\/wp\/v2\/types\/page"}],"author":[{"embeddable":true,"href":"http:\/\/www.lesrestaurantsdesenfants.org\/index.php?rest_route=\/wp\/v2\/users\/1"}],"replies":[{"embeddable":true,"href":"http:\/\/www.lesrestaurantsdesenfants.org\/index.php?rest_route=%2Fwp%2Fv2%2Fcomments&post=177"}],"version-history":[{"count":15,"href":"http:\/\/www.lesrestaurantsdesenfants.org\/index.php?rest_route=\/wp\/v2\/pages\/177\/revisions"}],"predecessor-version":[{"id":424,"href":"http:\/\/www.lesrestaurantsdesenfants.org\/index.php?rest_route=\/wp\/v2\/pages\/177\/revisions\/424"}],"wp:attachment":[{"href":"http:\/\/www.lesrestaurantsdesenfants.org\/index.php?rest_route=%2Fwp%2Fv2%2Fmedia&parent=177"}],"curies":[{"name":"wp","href":"https:\/\/api.w.org\/{rel}","templated":true}]}}